ivisor of z and 22.
22
Let s(x) = x**2 - x + 10. Let r be s(0). Suppose 4*t + 6 = -10. Let v = t + r. What is the greatest common factor of v and 18?
6
Let m(t) = t**3 - t**2 - 7*t. Let p be m(5). Calculate the greatest common divisor of 26 and p.
13
Let x be 17 - (1 + (-2 - -3)). Suppose x = -c + 4*c. Calculate the greatest common divisor of 25 and c.
5
Let g(o) = 3*o**3 - 8*o**2 + 2*o + 2. Let a be g(3). Calculate the greatest common divisor of 34 and a.
17
Let p = 42 + -10. Calculate the greatest common factor of 4 and p.
4
Let w be 1/(-2)*(-18 + -2). Calculate the greatest common factor of 5 and w.
5
Let b = 376 - 248. Suppose 5*l - 2*l - 48 = 0. Calculate the highest common divisor of b and l.
16
Let w = -64 - -73. Calculate the highest common factor of w and 144.
9
Let h = 77 - 68. Calculate the greatest common divisor of h and 45.
9
Suppose -3*y + 7*y + a = 63, y = a + 12. Calculate the greatest common factor of y and 6.
3
Suppose m - 53 = -15. Suppose -m = -5*j + 3*q, 2*j + q - 32 = -2*q. What is the highest common factor of j and 90?
10
Suppose p - 20 = -p. Let f(j) = j**3 - 4*j**2. Let h be f(5). Calculate the highest common divisor of p and h.
5
Let a be (1/4 + 4)*(-1 - -5). Calculate the highest common divisor of a and 136.
17
Let r(j) = -2*j**3 - 33*j - 8 + 25*j - 4*j**3. Let u be r(-6). Let z be 1/4 - u/(-32). What is the highest common factor of z and 28?
14
Suppose 5*x - 55 = -5. Let y be ((-15)/x)/(6/(-16)). Calculate the greatest common divisor of y and 28.
4
Let x be (-5)/(-35) - 1567/(-7)*1. Calculate the greatest common factor of 28 and x.
28
Let g be ((-2)/4)/(1/(-10)). Let p = -34 - -49. Calculate the greatest common factor of g and p.
5
Let o be (1 - 0) + (-206)/(-2). Let u = -17 + 30. What is the greatest common divisor of o and u?
13
Suppose 0 = -z + 6 - 0. Suppose -4*g + 10 = -z. Suppose 13 = 4*n - n + u, -n + 3*u = -1. Calculate the greatest common factor of g and n.
4
Let p be 1 + 5/(-4) - (-680)/32. Calculate the greatest common divisor of 21 and p.
21
Let n = 11 + -2. What is the highest common divisor of 72 and n?
9
Suppose 0 = 5*v + 4*l - 14, 0 = -0*v - v + 4*l - 2. Suppose -3*s + 10 + 2 = 0. Let c = s - v. What is the highest common factor of c and 6?
2
Let w(o) = 2 + 5*o**2 - 4*o + 3*o**3 - 2*o**3 - 2*o**3. Let g be w(4). Suppose 600 = 3*s + g*s. What is the highest common factor of 15 and s?
15
Suppose -115 = 7*h - 388. Let f be (2 - 3)/(2/(-26)). Calculate the highest common factor of f and h.
13
Let s(m) be the first derivative of -m**3/3 + 5*m**2 + 6*m + 2. Let c be s(8). Suppose 4*y - 74 = c. Calculate the greatest common factor of 6 and y.
6
Suppose -7 = -m - 3. Suppose g = 2*v - 108, -m*g - 335 + 62 = -5*v. Let c = v - 20. What is the greatest common factor of c and 22?
11
Let r = 94 + -34. What is the greatest common divisor of r and 24?
12
Let s be -3 + (-16)/(-4) - -5. Calculate the highest common factor of 18 and s.
6
Let q(z) = 6*z - 1. Let w be q(2). Calculate the greatest common factor of 77 and w.
11
Suppose 2*b - 77 = -5*b. Calculate the highest common divisor of 121 and b.
11
Suppose -4*x + 510 = -2*n + 112, 0 = -5*x - 2*n + 502. Calculate the highest common factor of x and 75.
25
Suppose 68 = q + 12. Let g = -2 - -16. Calculate the highest common factor of g and q.
14
Let m = 5 + -3. Suppose 76 = -0*b + m*b. Let x = b + -27. Calculate the highest common factor of x and 1.
1
Let t be 2 - 0 - (-34 + 0). Suppose -2*c - 1 = 4*f - 17, -c - 3*f = -6. Calculate the greatest common divisor of c and t.
12
Suppose -p + 34 = p. Let n = p - -3. Suppose -k + 6*k = o - 52, -4*k = n. What is the highest common divisor of 3 and o?
3
Let n(w) = 2*w**2 - 2*w - 4. Let p be n(4). Suppose -3*j = -p - 34. Let q = -33 - -60. What is the greatest common divisor of q and j?
9
Suppose 0*u = 4*u - 72. What is the greatest common divisor of 162 and u?
18
Let f = -13 + 21. Suppose 2*b + 4*c + 164 = -b, 4*b + 182 = 2*c. Let o = 68 + b. What is the greatest common factor of f and o?
4
Suppose 0 = -5*v + 10*v - 10. Suppose -20 = -v*r + 8. Suppose -3*q + 2*d = -21, -5*d = -0*d. What is the highest common divisor of q and r?
7
Let v(d) = 42*d**3 + d - 1. Let t be v(1). What is the greatest common factor of t and 28?
14
Let g(i) = i**3 - 3*i**2 - i + 3. Let t be g(4). Calculate the highest common factor of t and 45.
15
Suppose 0 = -5*o + 3*w + w + 16, -4*w + 16 = 3*o. Suppose -4*p + o*t = -84, 4*p + 5*t - 70 = 5. What is the greatest common factor of p and 5?
5
Suppose -78 + 250 = 2*k. What is the highest common factor of 215 and k?
43
Let v be (-2)/4*16/(-2). Let j(z) = 2*z - 6. Suppose -5*k - 3*n = -27 + 4, 17 = 3*k + 5*n. Let l be j(k). What is the greatest common factor of l and v?
2
Let s be (-4)/(-6)*(-27)/3. Suppose 0*y = -5*y + 30. Let z be y/18 + (-4)/s. Calculate the greatest common divisor of z and 4.
1
Suppose 2*m + 361 + 143 = 0. Let y = -396 + 216. Let w = y - m. What is the greatest common divisor of w and 48?
24
Let j(g) = -4*g + 6. Let k be j(-5). Let m = -11 + 11. Let v(i) = i + 65. Let h be v(m). What is the highest common factor of k and h?
13
Let u be (-10)/(-15) - (-106)/3. Calculate the greatest common divisor of u and 9.
9
Suppose 3*n = -9, 3*n = s + 4*n - 168. Let u = -63 + 82. What is the greatest common divisor of s and u?
19
Let g = -23 + 27. What is the greatest common divisor of g and 44?
4
Let y(p) = 2*p**2 + 7*p - 16. Let k be y(8). Suppose -4*n + 730 = -3*m + 78, n = 2*m + k. Calculate the greatest common divisor of 16 and n.
16
Let u(o) be the third derivative of o**6/120 - o**5/60 - o**4/24 - 2*o**3/3 + 4*o**2. Let l be u(3). Calculate the greatest common divisor of l and 11.
11
Let p(c) be the second derivative of c**4/6 + 5*c**3/6 - 3*c**2/2 - c. Let b be p(-4). Let a be 15/b + (-2)/(-6). What is the highest common factor of 2 and a?
2
Suppose -289 = -3*g - 2*n, -223 = 4*g - 5*n - 639. Let w(o) = -7*o - 3. Let l be w(-2). Calculate the highest common divisor of g and l.
11
Let y = 186 + -90. Calculate the highest common divisor of y and 12.
12
Suppose -4*l + 14 = -4*f + 2, -5*l = -4*f - 18. What is the highest common divisor of 18 and l?
6
Let j be (5/2)/(-5)*-188. Suppose 3*y = 2*a - 0*a + j, -36 = -y + 3*a. What is the greatest common divisor of 12 and y?
6
Suppose -5*i + 20 = 0, -3*i = -3*c + 2*i - 182. Let g = c + 76. Suppose 0 = 5*y + 2*s - 65, s - 5*s = -y - 9. Calculate the highest common factor of g and y.
11
Let k = 8 + -73. Let j be -3 - -1 - 0 - k. Suppose j = 3*x + 15. What is the highest common factor of x and 144?
16
Let p(h) = 7*h - 1. Let i be p(1). Let l be 24/i*14/4. Calculate the highest common factor of l and 154.
14
Suppose 2*y - 5*y - 783 = 0. Let d = -156 - y. Calculate the highest common divisor of 15 and d.
15
Let g = -428 + 716. Suppose 2*f - g = -2*f. What is the greatest common divisor of 12 and f?
12
Suppose -u + 2 - 5 = 0. Let l be 3 + -6*(2 + u). What is the highest common factor of l and 3?
3
Let v be (-4)/18 - (-548)/36. What is the highest common divisor of v and 25?
5
Suppose 4*t + 22 = 5*t. Let m be -6*(0 - (-2)/(-3)). Suppose 3*r - 5*s = 160, m*s + 44 + 117 = 3*r. Calculate the highest common divisor of t and r.
11
Let t be -11 + 3 + (-3 - 0). Let y(r) = r**2 + 10*r - 3. Let i be y(t). What is the highest common factor of 1 and i?
1
Let x be (-495)/(-25) + (-1)/(-5). Let s(y) = -3*y - 2. Let o be s(-6). Let v = o - 6. What is the greatest common factor of x and v?
10
Suppose 5*w - 10 = -0*w. Let q be (-3)/4 + w/(-8). Let c(b) = 104*b**2 + 1. Let s be c(q). What is the highest common factor of 15 and s?
15
Suppose 6*y + 5*v = 2*y, 5*y = 3*v. Suppose 2*f - 48 = -y*f. Let x be 4/2 + 0 + 4. What is the highest common divisor of f and x?
6
Let l(x) = 16*x**2 + x. Let j(w) = w - 2. Let g be j(1). Let f be l(g). Calculate the greatest common divisor of 165 and f.
15
Let q = 13 + -9. What is the greatest common factor of 12 and q?
4
Let c be (6 + 2)/(8/4). Suppose 0 = c*z - 2*b - 6, -5*z + 4*b + 3 = -0*b. Calculate the greatest common factor of 33 and z.
3
Let a = 35 + 1. Calculate the highest common divisor of 9 and a.
9
Suppose 17*l = 12*l + 45. Suppose 3*d = l + 9. What is the greatest common divisor of 6 and d?
6
Let n(v) = 0*v + v - 13 + 5 - 3*v. Let 